e prime factors of 3963.
3, 1321
What are the prime factors of 1229?
1229
What are the prime factors of 57075?
3, 5, 761
What are the prime factors of 38328?
2, 3, 1597
What are the prime factors of 24656?
2, 23, 67
List the prime factors of 13554.
2, 3, 251
What are the prime factors of 20033?
13, 23, 67
List the prime factors of 18804.
2, 3, 1567
List the prime factors of 12417.
3, 4139
What are the prime factors of 12377?
12377
List the prime factors of 5156.
2, 1289
List the prime factors of 5245.
5, 1049
What are the prime factors of 3469?
3469
What are the prime factors of 4860?
2, 3, 5
What are the prime factors of 4155?
3, 5, 277
What are the prime factors of 2837?
2837
What are the prime factors of 23663?
23663
List the prime factors of 2589.
3, 863
List the prime factors of 13903.
13903
List the prime factors of 1579.
1579
List the prime factors of 5526.
2, 3, 307
What are the prime factors of 476?
2, 7, 17
List the prime factors of 391.
17, 23
What are the prime factors of 54833?
54833
List the prime factors of 2482.
2, 17, 73
List the prime factors of 214.
2, 107
List the prime factors of 2426.
2, 1213
What are the prime factors of 141778?
2, 7, 13, 19, 41
List the prime factors of 4124.
2, 1031
List the prime factors of 1216.
2, 19
What are the prime factors of 30065?
5, 7, 859
List the prime factors of 250.
2, 5
What are the prime factors of 604?
2, 151
List the prime factors of 144427.
144427
What are the prime factors of 6400?
2, 5
List the prime factors of 5345.
5, 1069
What are the prime factors of 925?
5, 37
What are the prime factors of 113838?
2, 3, 18973
List the prime factors of 61025.
5, 2441
What are the prime factors of 139408?
2, 8713
List the prime factors of 164783.
367, 449
What are the prime factors of 76515?
3, 5, 5101
List the prime factors of 47607.
3, 7, 2267
List the prime factors of 176.
2, 11
What are the prime factors of 3665?
5, 733
What are the prime factors of 7025?
5, 281
List the prime factors of 8815.
5, 41, 43
List the prime factors of 61264.
2, 7, 547
List the prime factors of 19701.
3, 11, 199
What are the prime factors of 3103?
29, 107
What are the prime factors of 9517?
31, 307
What are the prime factors of 2782?
2, 13, 107
What are the prime factors of 1396?
2, 349
List the prime factors of 308.
2, 7, 11
What are the prime factors of 2561?
13, 197
List the prime factors of 31720.
2, 5, 13, 61
What are the prime factors of 5730?
2, 3, 5, 191
List the prime factors of 7357.
7, 1051
List the prime factors of 2636.
2, 659
List the prime factors of 1142.
2, 571
What are the prime factors of 46019?
17, 2707
What are the prime factors of 4891?
67, 73
List the prime factors of 1815.
3, 5, 11
List the prime factors of 6597.
3, 733
What are the prime factors of 8916?
2, 3, 743
List the prime factors of 60046.
2, 7, 4289
List the prime factors of 1810.
2, 5, 181
List the prime factors of 83889.
3, 13, 239
List the prime factors of 28271.
17, 1663
What are the prime factors of 767?
13, 59
What are the prime factors of 343?
7
What are the prime factors of 387?
3, 43
List the prime factors of 327.
3, 109
List the prime factors of 1039.
1039
What are the prime factors of 1324?
2, 331
List the prime factors of 305.
5, 61
List the prime factors of 70155.
3, 5, 1559
What are the prime factors of 20185?
5, 11, 367
What are the prime factors of 826?
2, 7, 59
What are the prime factors of 14244?
2, 3, 1187
List the prime factors of 70095.
3, 5, 4673
List the prime factors of 31209.
3, 101, 103
What are the prime factors of 1203?
3, 401
List the prime factors of 15847.
13, 23, 53
What are the prime factors of 311?
311
What are the prime factors of 1760?
2, 5, 11
List the prime factors of 25325.
5, 1013
What are the prime factors of 7070?
2, 5, 7, 101
What are the prime factors of 70443?
3, 2609
What are the prime factors of 18244?
2, 4561
List the prime factors of 1906.
2, 953
List the prime factors of 11015.
5, 2203
List the prime factors of 5803.
7, 829
What are the prime factors of 7401?
3, 2467
List the prime factors of 2930.
2, 5, 293
What are the prime factors of 1851?
3, 617
List the prime factors of 43480.
2, 5, 1087
List the prime factors of 3058.
2, 11, 139
List the prime factors of 1371.
3, 457
What are the prime factors of 924?
2, 3, 7, 11
What are the prime factors of 912?
2, 3, 19
What are the prime factors of 25167?
3, 8389
List the prime factors of 9739.
9739
List the prime factors of 25695.
3, 5, 571
List the prime factors of 842.
2, 421
What are the prime factors of 1052?
2, 263
List the prime factors of 603.
3, 67
List the prime factors of 528.
2, 3, 11
What are the prime factors of 118?
2, 59
List the prime factors of 29359.
11, 17, 157
List the prime factors of 17448.
2, 3, 727
What are the prime factors of 257?
257
What are the prime factors of 18774?
2, 3, 7, 149
What are the prime factors of 916?
2, 229
What are the prime factors of 10211?
10211
List the prime factors of 6843.
3, 2281
List the prime factors of 8309.
7, 1187
List the prime factors of 265.
5, 53
What are the prime factors of 9589?
43, 223
What are the prime factors of 11462?
2, 11, 521
List the prime factors of 76981.
23, 3347
List the prime factors of 14283.
3, 23
What are the prime factors of 589?
19, 31
List the prime factors of 151026.
2, 3, 25171
What are the prime factors of 2188?
2, 547
What are the prime factors of 20795?
5, 4159
What are the prime factors of 1019?
1019
List the prime factors of 111509.
111509
List the prime factors of 6423.
3, 2141
List the prime factors of 1745.
5, 349
What are the prime factors of 6410?
2, 5, 641
What are the prime factors of 3322?
2, 11, 151
List the prime factors of 10541.
83, 127
What are the prime factors of 2710?
2, 5, 271
What are the prime factors of 31773?
3, 7, 17, 89
What are the prime factors of 1593?
3, 59
List the prime factors of 4507.
4507
What are the prime factors of 1439?
1439
What are the prime factors of 1017?
3, 113
List the prime factors of 1521.
3, 13
List the prime factors of 501.
3, 167
What are the prime factors of 24122?
2, 7, 1723
What are the prime factors of 41599?
17, 2447
List the prime factors of 5841.
3, 11, 59
What are the prime factors of 45823?
45823
List the prime factors of 2295.
3, 5, 17
List the prime factors of 3222.
2, 3, 179
What are the prime factors of 4672?
2, 73
What are the prime factors of 3770?
2, 5, 13, 29
List the prime factors of 935.
5, 11, 17
List the prime factors of 13082.
2, 31, 211
List the prime factors of 5974.
2, 29, 103
What are the prime factors of 24592?
2, 29, 53
List the prime factors of 15211.
7, 41, 53
List the prime factors of 1854.
2, 3, 103
What are the prime factors of 427?
7, 61
List the prime factors of 2335.
5, 467
What are the prime factors of 1051?
1051
What are the prime factors of 1257?
3, 419
List the prime factors of 495.
3, 5, 11
List the prime factors of 113415.
3, 5, 7561
What are the prime factors of 1548?
2, 3, 43
List the prime factors of 1035.
3, 5, 23
What are the prime factors of 7257?
3, 41, 59
What are the prime factors of 166?
2, 83
List the prime factors of 909.
3, 101
List the prime factors of 32712.
2, 3, 29, 47
List the prime factors of 2274.
2, 3, 379
List the prime factors of 9318.
2, 3, 1553
What are the prime factors of 9612?
2, 3, 89
What are the prime factors of 1369?
37
What are the prime factors of 100?
2, 5
What are the prime factors of 1999?
1999
List the prime factors of 25648.
2, 7, 229
List the prime factors of 3032.
2, 379
What are the prime factors of 11688?
2, 3, 487
What are the prime factors of 8?
2
List the prime factors of 2171.
13, 167
List the prime factors of 389.
389
List the prime factors of 19787.
47, 421
What are the prime factors of 627?
3, 11, 19
What are the prime factors of 103?
103
List the prime factors of 35828.
2, 13, 53
What are the prime factors of 804?
2, 3, 67
List the prime factors of 14652.
2, 3, 11, 37
What are the prime factors of 820?
2, 5, 41
What are the prime factors of 12925?
5, 11, 47
List the prime factors of 1094.
2, 547
What are the prime factors of 106606?
2, 151, 353
What are the prime factors of 735?
3, 5, 7
List the prime factors of 486.
2, 3
What are the prime factors of 90758?
2, 23, 1973
What are the prime factors of 20134